2*l + 2*l = -740. Let a = l - 60. What is the remainder when 53 is divided by a?
11
Suppose 2009 = 5*m + 3*r, -2*r + 2011 = 6*m - m. Let j = m - 349. Calculate the remainder when 161 is divided by j.
53
Let y = 12615 - 12534. What is the remainder when y is divided by 3?
0
Let b(k) = 9*k**3 - k**2 + k + 6. Let l(t) = 3*t**3 + 1. Let i(g) = b(g) - 2*l(g). Let f = -2 + 4. Calculate the remainder when 101 is divided by i(f).
23
Suppose o = -5, 298 = d + 3*o + 162. Calculate the remainder when 258 is divided by d.
107
Let w(c) = 15*c - 44. Let d(q) = -14*q + 43. Let l = 86 - 84. Let o(r) = l*w(r) + 3*d(r). Calculate the remainder when o(-4) is divided by 31.
27
What is the remainder when 7 + (776 - 3) + 7 + -1 is divided by 254?
24
Let r = 12283 - 12250. What is the remainder when 1415 is divided by r?
29
Suppose -4*g + 246 = -2*x, 4*g + x = -x + 242. Calculate the remainder when g is divided by 6.
1
Let l(u) = 17*u**2 - 2*u + 1. Suppose 5*s + 106 + 54 = 0. What is the remainder when (1 - 0) + 15*s/(-8) is divided by l(1)?
13
Suppose -5*x - 2*b = -3019, -1829 = -5*x - 5*b + 1181. What is the remainder when x is divided by 51?
44
Let k(w) = -w**3 - w**2 - w + 6. Let g be k(0). Suppose -g*q + 5*q = -9. Suppose -2*x + 64 = 4*b - x, 12 = 3*x. Calculate the remainder when b is divided by q.
6
Let d = -55 - -277. Calculate the remainder when d is divided by 103.
16
Let i = -72 + 48. Suppose 0 = 113*p - 652 - 139. Let n = p - i. Calculate the remainder when 61 is divided by n.
30
Suppose -r = -9 + 7. Suppose -r*o = d - 151, -3*o + 239 = -5*d + 4*d. What is the remainder when o is divided by 3/(-9)*405/(-5)?
24
Suppose -176*k + 99313 = -121215. Calculate the remainder when k is divided by 4.
1
Suppose -3*f = 2*h - 1151, -f - 685 = 4*h - 1092. What is the remainder when 2284 is divided by f?
10
Suppose -7*p = -2*p - 80. Let v = -788 + 849. Calculate the remainder when v is divided by p.
13
Suppose -f + 60 = 2*p, 34 = 2*f + 2*p - 80. Suppose 0 = -2*d + 4 - f. Calculate the remainder when 138 is divided by 2 - (-262)/10 - (-5)/d.
26
Suppose -8*y + 4*y = l - 5, y - 10 = -2*l. Suppose -43 = -s + 17*i - 20*i, l*i = 2*s - 108. Calculate the remainder when s is divided by 17.
15
Let s(f) = -f**3 + 7*f**2 - 3*f - 24. Let n be s(5). Suppose -78 = -n*x + 8*x. What is the remainder when 97 is divided by x?
19
Suppose 77 - 575 = -6*c. Suppose -2*t + 3*z + 2*z + c = 0, t - 4*z - 37 = 0. What is the remainder when 94 is divided by t?
45
Let d = 22 + -19. Suppose -3*p = 12, d*p + 97 = -b + 6*b. Calculate the remainder when 99 is divided by b.
14
Let t = 4629 - 4483. What is the remainder when 456 is divided by t?
18
Let l = -13192 - -13202. Suppose 3*g - 63 - 69 = -3*a, 0 = -3*g - 5*a + 122. What is the remainder when g is divided by l?
9
Suppose 7*d + 2*d - 3*z = 128829, 0 = d - 4*z - 14296. Calculate the remainder when d is divided by 103.
102
Let c(g) = -g**2 - 19*g - 47. Suppose 0 = 3*z - v - 10, v - 3*v + 13 = 5*z. Suppose z*t = -2*t - 65. Calculate the remainder when c(t) is divided by 5.
1
Let l(o) = -2*o - 10. Let p be l(4). Suppose -4*v + a + 67 = 0, -2*a + 77 = 5*v + 3. What is the remainder when 2/(-2)*1134/p is divided by v?
15
Let l(s) = 82*s + 318. What is the remainder when 867 is divided by l(-2)?
97
Suppose 0 = 2*r - 3*r + 94. Let s = r - 76. Let u = 6 + 0. What is the remainder when s is divided by u?
0
Let z(i) = -i**2 - 9*i - 8. Let s(a) = -a**2 - 7*a + 4. What is the remainder when z(-7) is divided by s(-7)?
2
Suppose k + 921 = 1143. What is the remainder when k is divided by (8/(-6))/(1/(-12))?
14
What is the remainder when 1030 is divided by (((-4026)/18)/11)/((-4)/12)?
54
Suppose 0 = 2*m + 4*h - 262, -4*m + 13*h + 560 = 12*h. Calculate the remainder when 2895 is divided by m.
115
Let d(n) = 50*n**2 - 99*n - 100. What is the remainder when 105 is divided by d(-1)?
7
Let u(r) = 343*r - 16792. Let b(p) = 2*p**2 + 3*p + 6. Let i = -10 - -6. What is the remainder when b(i) is divided by u(49)?
11
Let t = -72 + 209. What is the remainder when 354 is divided by t?
80
Let b(k) = k**3 - 41*k**2 - 130*k + 60. Calculate the remainder when b(44) is divided by 28/4 + 0 + 3.
8
Let r be (-1848)/(-8) - 2*2. Let a = r - 224. What is the remainder when 52 is divided by a?
1
Let o(a) = a**3 + 16*a**2 - 2*a + 34. Let x be o(0). Let d be (2/(-3))/(2/(-123)). Let f = d - x. Calculate the remainder when 40 is divided by f.
5
Let b(h) = h**3 - 30*h**2 + 28*h + 65. Let x be b(29). Calculate the remainder when -1 + -3 + 0 + x is divided by 6.
2
Suppose 4*u + a - 25 = -4*a, u + 4*a = 9. Suppose 2 = -p + u. Suppose p*o + 3*m = 24, 4*m + 48 = 4*o - 0*m. What is the remainder when 37 is divided by o?
7
Let x be 3 + (-6 - -1) - -2. Suppose 6*f + 2*f - 256 = x. Suppose r + 5*y - 1 = 2, 5*y + 69 = 3*r. Calculate the remainder when f is divided by r.
14
Suppose 0 = -2*y - 6 - 2, x + 5 = -5*y. Let l(k) = k + 133. What is the remainder when l(-32) is divided by x?
11
Suppose h - 44 = -8. What is the remainder when 50 is divided by (-393)/(-15) + (-2 - h/(-20))?
24
Let r = 74 + -42. Suppose -r = -4*x - 2*a - 2, x = 3*a - 3. Let m = 96 - 56. What is the remainder when m is divided by x?
4
Suppose -81*m + 156884 = 10*m. Calculate the remainder when m is divided by 12.
8
Suppose j + 0*w - 3*w + 45 = 0, 0 = 5*w + 5. Let n be 2/(-8) - 156/j. Calculate the remainder when 72 is divided by (-10)/(-6) + 40/n.
12
Suppose 2*d = -0*l - l - 18, l = -4*d - 24. Let j be (4/l*4)/(2/(-30)). Suppose 2*s = 4*z - 6, -s + j = 3*s. What is the remainder when z is divided by 4?
0
Suppose 8938 = 5*a + 4*b, -27*a = -29*a + 2*b + 3568. What is the remainder when a is divided by 56?
50
Suppose 742 = 9*p - 500. Calculate the remainder when p is divided by (1 - 3) + -1 - -74.
67
Let r(q) = 4*q**2 - 1. Suppose -46*s + 42*s = -12. Suppose s*w = -0*w + 132. What is the remainder when w is divided by r(2)?
14
Let s(k) = 28*k**3 + 2099*k**2 - 87*k - 157. What is the remainder when s(-75) is divided by 146?
13
Suppose 0 = -5*s - 2*u + 18, -17*u + 24 = 4*s - 13*u. Suppose -5*a = -3*b - 761, -s*b + 749 = 5*a + b. Calculate the remainder when a is divided by 40.
31
Let r be ((-18)/(-10))/((-54)/(-180)). Let z be (-10*(-1)/r)/((-11)/(-66)). Suppose -z*m - 22 = -142. Calculate the remainder when m is divided by 7.
5
Suppose -k + 4*s - 282 = 0, -3*k + 5*s - 467 = 393. Let c = -103 - k. Let g = -130 + c. Calculate the remainder when g is divided by 12.
9
Let r(t) = -3*t - 2*t**2 - 40 + 18 - t**3 + 29. Let b be r(0). Suppose 8*o - b - 9 = 0. Calculate the remainder when 2 is divided by o.
0
Let v = 7 + -7. Suppose h + 4*h - 100 = v. Suppose 5*y = 9*y - h. Calculate the remainder when 6 is divided by y.
1
Suppose -4*w - 26 = 30. Let m = w + 31. Calculate the remainder when m is divided by (-6)/2 + (15 - (5 + -3)).
7
Let y be 140*((-135)/18 + 7) - (0 + -5). Let v be (-2)/5 + 452/5. Let l = y + v. What is the remainder when l is divided by 9?
7
Suppose 50 = 4*u - 774. Suppose 190 = 5*m - 5*l, -105*m - l = -109*m + 107. What is the remainder when u is divided by m?
22
Let r = 31 + -27. Let f = 255 + 41. Suppose -r*l - n = -f, 6*n = -3*l + 2*n + 209. What is the remainder when l is divided by 39?
36
Suppose -15*j = -1473 + 408. What is the remainder when 161 is divided by j?
19
Let r = 824 - 779. Let v = r + -38. Suppose -3*g - 2*g + 80 = 0. Calculate the remainder when g is divided by v.
2
Let k = -1349 + 913. Let x = 442 + k. Suppose -2*t + 5*l + 53 = 0, -l + 3 = 2. Calculate the remainder when t is divided by x.
5
Let s(v) = v**2 + 5*v - 2. Suppose 0 = -2*u + 2*f - 4, -3*u - 4*f = -2*u + 22. Let h = 58602 - 58595. What is the remainder when h is divided by s(u)?
3
Let k(z) = 5*z**2 + 29*z - 730. What is the remainder when k(15) is divided by 163?
15
Let c(p) = 332*p**2 + 118*p + 539. What is the remainder when c(-5) is divided by 75?
74
Suppose 3047 = 200*c - 1153. What is the remainder when 1275 is divided by c?
15
Let d be 129/(-2)*(3 + 6/18). Let v = 317 + d. Calculate the remainder when v is divided by 26.
24
Let q(x) = -2*x**3 - 29*x**2 + 15*x + 4. What is the remainder when 29 is divided by q(-15)?
1
Suppose 510 = 5*p + 5*m, -4*p - 5*m = -6*p + 183. Suppose p = 3*l + x, 187 = 4*l - 5*x + 36. What is the remainder whe